 common factor of x and d.
10
Suppose 0 = -11*t + 205*t - 5238. Let f be (2/(-2))/(-1) + -1. Suppose 5*p - 15 = -f*p. Calculate the highest common divisor of t and p.
3
Suppose -458 = 15*v - 5618. What is the highest common divisor of v and 774?
86
Let i be (-2 - (-12)/18)*-18. Let f be 2*(2 + -2 - -66). What is the greatest common factor of f and i?
12
Suppose -25*w + 58*w - 20850 = 18*w. Calculate the greatest common divisor of 10 and w.
10
Let x be 0/(-3) - (-20)/(-12)*3. Let f be (5 + (-28 - x))/2. Let p be 3 + ((-42)/(-4))/(f/(-18)). What is the greatest common divisor of p and 3?
3
Let r be -7 + -21 - (-2 - 6/(-1)). Let f = 48 + r. Let h = 90 - f. What is the highest common divisor of 37 and h?
37
Suppose -y = -2*n - 5 + 4, n + 3 = 0. Let b(v) = v**3 + 7*v**2 + 8*v + 1. Let t be b(y). Suppose c = 41 + t. What is the highest common factor of c and 26?
26
Let p be -8 + 8 - (-4 - 3). Suppose 0*b + 924 = p*b. What is the highest common factor of b and 462?
66
Suppose u = -3*u + 24. Suppose 2754*r + 410 = 2764*r. Let w be r*8/u - (-2)/6. Calculate the highest common factor of 5 and w.
5
Suppose -9*q + 126225 = 42*q. What is the greatest common factor of 15 and q?
15
Let n = 296 + -170. Suppose -2*p - n = -8*p. What is the greatest common factor of p and 12?
3
Let o be -316*64/(-4) - 12/2. Calculate the greatest common divisor of 50 and o.
50
Let y = 16255 - 15449. What is the highest common factor of 1674 and y?
62
Suppose -3*a = 4*z - z - 12, 0 = -2*z - 4. Calculate the highest common divisor of 762 and a.
6
Let p be -28 - -1 - (288 - 333). What is the highest common divisor of p and 10794?
6
Suppose -129 = -6*v + 2*a - 5, 0 = 2*v + 5*a - 30. What is the highest common divisor of 30340 and v?
20
Let t(n) = -n**3 + 6*n**2 + 11*n - 64. Let a be t(6). Suppose b = -5, 5*q - b - 35 = a*b. What is the highest common factor of q and 8?
4
Let m = -366 + 397. Suppose -2*n = -5*h + 109, 2*n = h - 3*n - m. Suppose 0 = 2*g - 7*g + 735. What is the greatest common divisor of g and h?
21
Let k = 314 - 298. Let s be ((-135)/54)/((-2)/k). What is the highest common factor of s and 820?
20
Suppose 3*j = -c + 126, 0 = -5*c - 2*j + 7*j + 630. Suppose 4*t = 3*y - 78 + 14, 5*y + 4*t = 160. Calculate the highest common divisor of c and y.
14
Let w = 16 + -14. Suppose -3*b - 28 = w. Let f(k) = k**3 + 15*k**2 + 10*k + 7. Let v be f(b). Calculate the highest common divisor of v and 37.
37
Let s = 11349 + -11251. What is the highest common divisor of 13230 and s?
98
Suppose 3*v = 3*w - 81, 0 = 5*v + 73 - 98. What is the highest common factor of 1304 and w?
8
Suppose -5*d + 2*u = -7 - 51, 5*d - 66 = 4*u. Suppose -62*h = -66*h + 280. What is the highest common divisor of h and d?
10
Suppose -z = 5*k - 5 - 0, 4*k - 8 = 0. Let s(w) = 4*w**2 + 16*w + 1. Let d be s(z). What is the greatest common divisor of 189 and d?
21
Suppose 39*v - 51*v = -132. Let u be ((-12)/33)/2 + 3467/v. Calculate the highest common divisor of u and 35.
35
Let u(g) = 10*g**3 + 35*g**2 - 136*g + 18. Let m be u(5). Calculate the greatest common divisor of m and 308.
77
Let y(q) = -q + 20. Let f be y(8). Suppose -12 = -2*u - d, 2*u - 4*d = -6*d + 8. Suppose -u*m + 0*m = -768. Calculate the greatest common factor of f and m.
12
Let v(f) be the second derivative of 19*f**3/6 - 27*f**2 + 69*f + 3. Let z be v(5). What is the greatest common factor of z and 123?
41
Let p(x) = 9*x**2 + 35*x - 7. Let c be p(-4). Let s be ((-36)/(-7))/(c*12/(-126)). What is the greatest common factor of s and 306?
18
Let j(b) = -17*b - 9. Let y be j(-9). Suppose 4*c = -2*c + y. Suppose -t - 2 = 0, 2*t + c = 3*p - 10. What is the highest common factor of 15 and p?
5
Let h(k) = 2*k**3 + 14*k**2 - 44*k - 7. Let n be h(4). Calculate the greatest common divisor of 533 and n.
13
Let y = 2022 + -1406. What is the greatest common factor of y and 56?
56
Let t = -58 - -81. Suppose -7 = -2*d + g, -5*d = -8*d + 4*g + t. Let b be (12/4)/d - -3. Calculate the highest common factor of b and 2.
2
Let s be -3 - (-44 + -18 - (1 + -5)). Let x = s - 16. What is the highest common factor of 429 and x?
39
Let p = 71533 + -71510. Suppose -3*y + 4*y = 2. Suppose -6*g + y*g = 3*b - 536, g + 4 = 0. What is the greatest common divisor of p and b?
23
Suppose -4*t = 16, 6*t - 2*t + 100 = 3*p. Let r = 349 + -337. What is the highest common divisor of r and p?
4
Suppose 250 = 2*i - 3*y, -2*y - 225 + 600 = 3*i. Calculate the greatest common factor of i and 5.
5
Let l = -206 - -219. Suppose 10*j + 42 = l*j - 3*p, 2*j - p - 31 = 0. Calculate the greatest common factor of j and 425.
17
Let t = -26063 + 26120. Calculate the greatest common divisor of 10203 and t.
57
Let r(o) be the third derivative of o**5/15 + 3*o**4/8 - 13*o**3/3 - 30*o**2. Let t be r(-6). What is the highest common divisor of t and 256?
64
Let d = -287 - -290. Suppose 2*l = 10, 2*a - 4*l = -d*a. Calculate the greatest common factor of 32 and a.
4
Let b be (-2)/(-5) + (-878)/(-5). Let g(f) = 2*f**2 - 12*f - 16. Suppose 16 = -52*z + 54*z. Let y be g(z). Calculate the highest common divisor of b and y.
16
Let f(i) = 10*i - 2*i + 4*i - 5*i + 212. Let z be f(-19). What is the highest common factor of z and 869?
79
Suppose o + 24 - 93 = 5*r, 4*o - 5*r = 201. Let z = 238 + -235. Suppose 2*k = -4*g + 8, 5*g + 7 = z*k - 5. What is the greatest common divisor of k and o?
4
Let q be (-2970)/20*1*-2. What is the highest common factor of q and 528?
33
Let n(g) = g**2 - 72*g + 1350. Let w be n(33). Calculate the greatest common factor of w and 2529.
9
Let k = 26721 + -22066. What is the highest common divisor of 1960 and k?
245
Let f = -606 - -683. Let j(z) = 2*z - 7. Let w be j(7). What is the highest common divisor of f and w?
7
Suppose -132 - 420 = -8*l. Let v = l + -91. Let x = v + 46. Calculate the greatest common factor of x and 16.
8
Let w(p) = 37*p + 164. Let n be w(-25). Let s = 777 + n. Calculate the greatest common divisor of s and 216.
8
Suppose -40*i + 526 + 563 - 369 = 0. Calculate the highest common factor of i and 4617.
9
Let c = 0 - -3. Suppose 2*w + 47 = 5*j - 87, c*j - 3*w = 75. Suppose 91*v + 280 = 93*v. Calculate the greatest common divisor of v and j.
28
Suppose -2*p + 555 = s, 2745 = -26*s + 31*s - 5*p. Calculate the greatest common divisor of s and 57.
19
Let s(n) = 10*n**2 - 9*n - 4. Let o be s(2). Let c = -14 - -320. Calculate the greatest common divisor of o and c.
18
Suppose 4*n = 4*c + 2*n - 384, -n + 473 = 5*c. Calculate the greatest common factor of c and 4104.
19
Let l = 116 + -112. Suppose 4*w - 9*w + 5*i + 615 = 0, 0 = -l*w - 5*i + 465. What is the greatest common factor of w and 48?
24
Suppose 4*h = -3*z + 2290, 0 = -0*z - z - 5*h + 745. What is the greatest common divisor of 1330 and z?
70
Let k(w) = -11*w + 44. Let h = 52 + -55. Let g be k(h). Calculate the greatest common factor of 33 and g.
11
Suppose 75 = 2*z + 23*z. Suppose t - 1 = 0, z*t = 14*v - 9*v - 172. Calculate the highest common factor of v and 35.
35
Let z = 66 - -62. Suppose -16*a + 628 - 100 = 0. Suppose 3*g - a*f - 45 = -30*f, 0 = 5*g + f - 81. Calculate the highest common divisor of z and g.
16
Let r(g) = -3*g**3 - 172*g**2 + 117*g + 166. Let c be r(-58). Calculate the highest common divisor of c and 15516.
36
Suppose 32*s = -24337 + 90225. What is the highest common factor of s and 639?
71
Suppose -4*d + d - 5*n + 18 = 0, 4*d = n + 47. Suppose -y = -2*h - d, -3*y = -9*h + 7*h - 37. Calculate the highest common factor of 1105 and y.
13
Let l(r) = 13*r**2 - r. Suppose -j = 2*j + 6. Let c be l(j). Let p = c - 46. Calculate the greatest common factor of p and 72.
8
Suppose 5*u = -5*l + 27 + 143, 2*l + 46 = u. What is the highest common divisor of u and 2242?
38
Let x = -2942 + 3041. Calculate the highest common divisor of x and 36.
9
Suppose -778 = -4*b - 2*y, -175 = -b + 4*y - 3. What is the highest common divisor of 36 and b?
12
Let l(q) = 15 + 6 + 1904*q - 1865*q. Let h be l(1). Calculate the greatest common factor of h and 780.
60
Suppose -4*b - 55 = -11. Let d be (((-2)/(-4))/(b/(-1562)))/1. Calculate the greatest common divisor of 639 and d.
71
Let r(x) = 4*x - 5. Let b be r(2). Suppose 0 = -2*t - b*q + 123, -t + 3*q + 0*q + 75 = 0. What is the greatest common factor of t and 6?
6
Suppose -22*